highest common divisor of h and j.
2
Let d be 1 + (-1 - -653) + 3. Suppose d = 5*k + 216. What is the greatest common factor of k and 8?
8
Suppose -12*c + 17061 = -567. Calculate the highest common divisor of 226 and c.
113
Let q(z) = z**3 + 16*z**2 - 21*z - 8. Let r be q(-17). Let x be (324/(-10))/((-24)/r). Suppose -5*n - 27 = -6*n. What is the greatest common factor of n and x?
27
Let g = 149 + -193. Let w = -14 - g. Calculate the highest common divisor of w and 60.
30
Suppose j + 3*j = -2*y + 1280, -4*y = -j - 2560. Let v = y - 532. What is the highest common divisor of 132 and v?
12
Suppose 180367 = 4*c + 3*u, -22*c - 5*u = -21*c - 45062. What is the greatest common divisor of c and 13?
13
Let v(i) = i - 2. Let r(x) = 4*x - 16. Let p(d) = -2*r(d) + 14*v(d). Let j be p(4). What is the greatest common divisor of j and 210?
14
Let u = -279 + 539. Suppose -1248 = 239*g - 247*g. Calculate the greatest common divisor of g and u.
52
Let a(l) = 5*l - 77. Let d be a(17). Suppose 0 = 5*n + 3 - 18. Suppose -5*i = j - 6*j - 25, -n*i = -5*j - 21. Calculate the greatest common factor of d and i.
2
Suppose 22 = 4*l - 3078. Suppose 56*k - 64*k = -248. What is the greatest common factor of k and l?
31
Let v = 6300 + -6253. Calculate the greatest common divisor of v and 141.
47
Let y = -16343 + 30700. What is the greatest common factor of 49 and y?
49
Let n(g) = -2*g**3 - 2*g**2 - 3*g + 8. Let t be n(3). Let r = -72 - t. What is the highest common factor of r and 8?
1
Suppose 2545 = 5*p - 0*p + 5*k, 2*k - 2530 = -5*p. Suppose 0 = 42*y - 51*y + p. Calculate the greatest common factor of y and 24.
8
Let b = 105 + -97. Let z be 2 - (-15 + b + 5). What is the greatest common factor of 29 and z?
1
Let r = 4907 - 2887. What is the highest common factor of 30 and r?
10
Suppose 6055 = -6*u + 2485. Let q = u - -607. Calculate the highest common factor of 516 and q.
12
Suppose -4*m - m - 5*w + 200 = 0, 3*w + 28 = m. Let d(i) = -2*i - 16. Let b be d(9). Let q = b + m. What is the highest common factor of 3 and q?
3
Let z be ((-1)/(-2))/((-1)/(-16)). Let x(y) = -y**2 - 15*y - 30. Let r be x(-14). Let n be r/72*-18*2. What is the greatest common factor of n and z?
8
Let c be (20/3)/(7/(-21)). Let u = c + 33. Let z(x) = x - 5. Let m be z(u). What is the greatest common factor of 72 and m?
8
Let u be 6230/8 - (4 - 17/4). Suppose -w + u = 5*h, 6*w + 3100 = 10*w + 4*h. What is the greatest common divisor of w and 18?
18
Suppose 0 = 27*f - 37 + 172. Let h be ((-75)/(-10))/(f + 644/128). Let k = 7 - -23. Calculate the highest common factor of h and k.
30
Suppose -5877 = -3*m - w, -748 = -2*m - 4*w + 3190. Calculate the highest common factor of 57 and m.
19
Let v(x) = x**3 + 9*x**2 + 4*x - 7. Let i be v(-4). Suppose -5*g + 478 = q, g - 29 - i = -5*q. What is the greatest common divisor of 168 and g?
24
Suppose -4*m = 4*o - 104, -23*m + 31*m + 2*o - 250 = 0. Calculate the highest common factor of m and 51.
3
Suppose -3*l + l - 5*p = -87, -l - 2*p + 46 = 0. What is the greatest common factor of 1204 and l?
28
Let t = -10712 + 11213. Calculate the highest common factor of t and 9.
3
Suppose -31*r + 2008 = -1464. Let p = r + -108. Calculate the highest common factor of 104 and p.
4
Suppose 0 = 75*l + 225*l - 79200 - 69000. What is the highest common factor of l and 286?
26
Suppose 4*a + f = 537, 4*f = 4*a + f - 517. Let p(x) = 61*x - 253 + 145 - 23 - 124 - 104. Let k be p(6). What is the greatest common divisor of a and k?
7
Let r be (-23)/(276/(-24))*1*2. Suppose 2*o = r, 3*p = 2*o - o + 13. Calculate the highest common divisor of p and 120.
5
Let l be ((-136)/(-3))/(4/72). Suppose 162*m - 167*m + n + 64 = 0, 5*n + 20 = 0. What is the greatest common divisor of m and l?
12
Suppose 352 = z + 2*c - 58, 4*z = c + 1631. Suppose -25*j + 5758 = 192*j - 5309. Calculate the highest common factor of j and z.
51
Let u be -24 - (-3938 + (-154)/22). Calculate the greatest common factor of 9 and u.
3
Let n = 11409 + -11371. What is the greatest common divisor of 2413 and n?
19
Suppose -1363 = -32*h + 973. Let c be h - (-10 - (5 - 13)). What is the highest common divisor of c and 100?
25
Let k(q) = -176*q - 3618. Let u be k(-32). What is the highest common divisor of u and 874?
38
Let o(v) = 102*v + 108. Let w(t) = 19*t + 21. Let k(d) = 3*o(d) - 16*w(d). Let y = 5 + 13. Let f be k(y). Calculate the greatest common factor of 6 and f.
6
Suppose 7*c - 1261 = -1191. Suppose c*n = 1527 - 1437. Let j = -22 + 43. Calculate the highest common factor of j and n.
3
Let i be (-2)/(-3*(25/15)/5)*451. Calculate the highest common factor of i and 55.
11
Let t = 18 - 14. Suppose -5*l + 3*o - 26 = -255, 2*o = -5*l + 214. Suppose l*x - 42*x = 72. Calculate the greatest common factor of x and t.
4
Suppose -4 = 2*b, -6*b = 2*h - 3*b - 16. Suppose -h*n + 155 = -208. What is the highest common divisor of 429 and n?
33
Let a = -148 + 158. Suppose 6*k = a*k - 68. Let p = 37 + k. Calculate the greatest common factor of 18 and p.
18
Suppose 0 = -5*o - 4*v + 65, 5*o + 9*v - 11*v = 95. Let t(y) = -y**3 + 15*y**2 + 34*y + 42. Let i be t(o). Calculate the highest common factor of i and 602.
14
Suppose -21 + 85 = 8*n. Let h be ((-74)/n)/(7/(-196)). Calculate the highest common factor of h and 37.
37
Let q = -7 + 10. Suppose 73 + 152 = q*j + 3*o, -j + 2*o + 84 = 0. Let i = 67 + j. Calculate the greatest common factor of i and 58.
29
Let r(f) = f**3 + 3*f**2 - f - 536. Let l be r(0). Let o = 631 + l. What is the highest common divisor of o and 171?
19
Suppose -3*u + 224 = u. Let d be (-36)/(-588)*133 - 16/14. What is the greatest common divisor of u and d?
7
Let a(v) be the second derivative of v**4/12 - 11*v**3/6 + 15*v**2/2 + 37*v - 1. Let n be a(10). Calculate the greatest common divisor of 15 and n.
5
Let c = -125 + -95. Let a = c + 240. Let i be 8/((-2 - -2) + 2). Calculate the highest common factor of a and i.
4
Let m = -176 - -288. Suppose -4*t + 34 = 3*q, 2*q - 162 = 3*t - 128. What is the greatest common factor of q and m?
14
Let t be 138/24 - 12/16. Suppose -t = 2*w - 3. Let h be (4/((-64)/(-172)))/(w/(-12)). What is the greatest common divisor of h and 86?
43
Suppose 0 = 2*u - 4*u + 76. Let w(f) = 192*f + 7967. Let k be w(-41). What is the highest common divisor of u and k?
19
Let c be (2/3)/((-4)/(-216)). Let o be 12/20 - (0 + (-64)/10). Let z be (-20)/(-70) + (40/o - 0). What is the greatest common factor of z and c?
6
Suppose 0 = -0*m - 4*m + 48. Suppose n + 12 = l, 115*l + 4 = 117*l + 3*n. What is the highest common factor of m and l?
4
Suppose -5*h - 2 = -2. Suppose -2*i - 4 + 0 = h, -5*i = -4*a + 890. What is the greatest common divisor of a and 20?
20
Let d = -36 + 38. Suppose a = -1, -2*g + 4*a + 10 = d*a. Suppose 65 = g*i - 475. What is the highest common factor of 54 and i?
27
Let z = -114 - -833. Let y = z + -701. What is the greatest common factor of 288 and y?
18
Suppose 2*a = -30*j + 34*j - 110, -12*a = 84. Calculate the highest common factor of 8376 and j.
24
Let x(i) = 412*i - 2466. Let o be x(6). What is the greatest common divisor of 822 and o?
6
Let w be 18/(-6) + (8 - (-2469 + 4)). What is the highest common divisor of w and 20?
10
Let m(p) = p - 4 - 11*p**2 + 0*p**3 - p**3 + 7*p. Let y be 9/((-9)/(-4) + -3). Let v be m(y). What is the highest common factor of v and 44?
44
Let d = -1481 + 1537. Let y = 150 + -143. Calculate the highest common divisor of d and y.
7
Let v be (-2184)/(-6) - (3 + (-5 - -5)). Suppose -v*d = -359*d - 82. Calculate the highest common factor of 533 and d.
41
Suppose -84 - 316 = 2*s. Let f = 211 + s. Calculate the highest common divisor of f and 121.
11
Let f = 51 + -515. Let g = -442 - f. What is the greatest common divisor of g and 143?
11
Let u(q) = -q**3 + 4*q**2 + 15*q - 13. Let s be u(6). Suppose 3*w + 2*n - 131 = n, s*w + n - 215 = 0. Calculate the highest common factor of 112 and w.
14
Let m = -695 + 1016. Let o = -105 + m. What is the greatest common divisor of o and 48?
24
Let l = -4822 + 6094. Calculate the highest common divisor of l and 432.
24
Suppose -5*m = 2 - 12. Suppose 3*x + 12 = 0, w + 8*x = 12*x + 42. What is the highest common divisor of w and m?
2
Let o = -585 - -598. Suppose 109 = o*p - 125. What is the greatest common divisor of 450 and p?